*3 - n**2 - 16*n - 19. Calculate q(5).
1
Let n(u) = -u**2 + 7*u + 6. Determine n(6).
12
Let v(u) = -u**2 - 6*u - 3. Calculate v(-6).
-3
Let l(s) = -2*s - 7. Determine l(7).
-21
Let r(s) = s**3 - 9*s**2 + 3*s + 12. Calculate r(8).
-28
Let p(d) = -18*d + 599. Give p(33).
5
Let j(v) = -32*v - 208. Calculate j(-6).
-16
Let u(r) = -13*r + 802. Determine u(62).
-4
Let c(w) = 2*w**2 + 2. Determine c(2).
10
Let u(o) = o**3 + 23*o**2 - 23. Calculate u(-23).
-23
Let d(w) = 2*w**2 + 1. Give d(2).
9
Let x(c) = 3*c + 9. What is x(-3)?
0
Let z(d) = -5*d - 25. Calculate z(-15).
50
Let q(o) = o**2 - 8*o - 3. Determine q(10).
17
Let a(r) = 2*r**3 - 5*r**2 + 6*r + 3. Determine a(5).
158
Let k(l) = -l**3 + 7*l**2 - 7*l - 7. What is k(5)?
8
Let q(s) = -16*s - 74. What is q(-4)?
-10
Let d(c) = -2*c**3 + 4*c**2 - 2*c + 4. Calculate d(4).
-68
Let v(x) = x**2 + 13*x - 14. What is v(-12)?
-26
Let a(d) = -d**2 - 2*d + 7. Determine a(-8).
-41
Let w(o) = o**3 + 15*o**2 + 1. Determine w(-15).
1
Let b(y) = -y**3 - 25*y**2 - 67*y - 58. Determine b(-22).
-36
Let p(r) = -r**2 - 3*r. Calculate p(-4).
-4
Let t(p) = 2*p**2 - 3*p - 1. Determine t(3).
8
Let s(b) = -b**2 + 17*b + 151. Determine s(24).
-17
Let z(n) = n**2 + 7*n + 9. Determine z(-3).
-3
Let i(z) = -6*z - 2. Give i(4).
-26
Let b(j) = -j**2 + 19*j - 69. Give b(17).
-35
Let x(w) = w**2 + w + 22. Determine x(0).
22
Let a(n) = -n**2 + 2*n + 96. Determine a(11).
-3
Let c(g) = 40*g + 1436. Calculate c(-36).
-4
Let k(b) = -7*b - 13. Calculate k(-21).
134
Let p(j) = j**3 + 4*j**2 + 6*j + 1. Give p(-2).
-3
Let f(u) = 2*u**2 - 10*u - 2. Calculate f(7).
26
Let n(d) = -3*d**3 + 3*d - 3. What is n(2)?
-21
Let y(a) = a**3 - 6*a**2 + 5*a - 11. Determine y(5).
-11
Let l(t) = 13*t + 220. Calculate l(-20).
-40
Let c(r) = -6*r**2 + 32*r - 4. Give c(5).
6
Let w(i) = -11*i - 24. What is w(-2)?
-2
Let o(w) = -w**3 + 11*w**2 + 29*w - 43. Determine o(13).
-4
Let w(p) = -p**3 + 5*p**2 - 4*p + 4. Determine w(4).
4
Let p(m) = m**2 - 21*m + 12. Calculate p(20).
-8
Let l(o) = -o**2 + o - 63. What is l(0)?
-63
Let a(r) = -r**3 - 12*r**2 - r + 10. Determine a(-12).
22
Let a(v) = v**2 - 29*v + 179. What is a(20)?
-1
Let b(a) = -a - 10. Give b(5).
-15
Let x(m) = -m**3 + 19*m**2 + 22*m + 14. Calculate x(20).
54
Let x(r) = -2*r**2 + 4*r + 26. Calculate x(6).
-22
Let t(o) = -2*o**2 + 2*o - 3. Give t(-3).
-27
Let l(j) = 3*j**3 + j**2 - 3*j - 5. Calculate l(-2).
-19
Let b(p) = p**3 - 5*p**2 + p + 4. Determine b(5).
9
Let d(q) = q**2 - 7*q - 4. Give d(8).
4
Let t(a) = 6*a + 3. Calculate t(1).
9
Let b(w) = -10*w**2 + 2. Determine b(1).
-8
Let o(z) = -7*z**2 + 35*z - 5. What is o(5)?
-5
Let l(c) = c**2 - c - 14. Give l(5).
6
Let v(z) = z**3 - z. Determine v(-3).
-24
Let a(r) = r**3 + 18*r**2 + 78*r + 1. What is a(-7)?
-6
Let w(q) = -q**3 + 4*q**2 + 4*q - 1. Calculate w(4).
15
Let i(t) = 2*t - 81. What is i(28)?
-25
Let w(d) = 11*d + 57. What is w(-5)?
2
Let l(q) = -3*q - 16. Give l(-7).
5
Let w(o) = o**2 - 15*o + 42. Give w(5).
-8
Let a(g) = -g**3 + 15*g**2 - 2*g + 13. Determine a(15).
-17
Let y(n) = -8*n - 36. Give y(-2).
-20
Let b(z) = z**2 - z + 2. Give b(5).
22
Let p(u) = -4*u + 32. Give p(9).
-4
Let v(w) = -w**3 + 6*w**2 - 2*w + 9. Give v(6).
-3
Let g(v) = -v**3 + 15*v**2 - 36*v + 11. Determine g(12).
11
Let a(z) = z**3 + 10*z**2 - 14*z - 31. Calculate a(-11).
2
Let p(j) = -2*j**2 - 18. Give p(0).
-18
Let u(z) = -4*z + 5. Determine u(-7).
33
Let t(y) = 5*y + 88. Give t(-16).
8
Let n(a) = -8*a - 37. What is n(-17)?
99
Let w(t) = 3*t + 44. What is w(-13)?
5
Let x(k) = -29*k + 1. Calculate x(-1).
30
Let u(i) = 38*i + 540. Determine u(-14).
8
Let i(h) = h - 20. Determine i(0).
-20
Let i(f) = -2*f - 65. What is i(-36)?
7
Let o(l) = -4*l**3 + 2*l**2 + 1. What is o(2)?
-23
Let i(m) = -m + 5. Determine i(11).
-6
Let z(x) = 2*x + 2. Give z(7).
16
Let v(x) = -x**3 - 6*x**2 + x - 10. Determine v(-7).
32
Let k(p) = -5*p**2 + 56*p - 19. Give k(11).
-8
Let d(v) = v. Give d(-7).
-7
Let t(y) = 63*y**3 - y. Give t(-1).
-62
Let v(f) = 8*f - 21. Determine v(5).
19
Let a(y) = 5*y - 133. Give a(30).
17
Let j(g) = -g**3 + 8*g**2 - 11*g - 12. Give j(6).
-6
Let c(k) = -k**3 + 5*k**2 + 5*k - 19. What is c(5)?
6
Let f(g) = -16*g**3 + g**2 - 1. What is f(-1)?
16
Let s(g) = g**2 - 3*g + 5. What is s(0)?
5
Let y(n) = -n**3 - 9*n**2 + 20*n - 24. Calculate y(-11).
-2
Let p(f) = -f**2 + 27*f - 14. Calculate p(27).
-14
Let m(v) = v**3 - 2*v**2 - 2*v - 6. What is m(3)?
-3
Let g(b) = 68*b + 74. What is g(-1)?
6
Let x(d) = d - 9. Determine x(-5).
-14
Let k(s) = 18*s - 436. Give k(24).
-4
Let t(k) = 4*k - 13. Give t(2).
-5
Let j(y) = -4*y**2 + y + 1. What is j(-1)?
-4
Let t(j) = -10*j**3 - 5*j**2 - 7*j - 2. Calculate t(-1).
10
Let l(y) = -y**3 - 8*y**2 + 8*y - 8. Give l(-9).
1
Let b(o) = -2*o**2 - 13*o - 6. Give b(-6).
0
Let c(d) = 2*d + 45. Determine c(-26).
-7
Let i(y) = -4*y + 9. What is i(10)?
-31
Let v(x) = x + 12. Give v(-14).
-2
Let h(m) = -13*m**3 + m + 2. Give h(-1).
14
Let j(z) = -z**3 - 6*z**2 - 6*z + 2. Give j(-4).
-6
Let o(q) = 3*q**3 - 6*q**2 + 3*q. What is o(2)?
6
Let n(o) = 2*o**2 - 6*o - 2. Calculate n(5).
18
Let g(v) = -2*v**3 - 19*v**2 - 10*v - 4. What is g(-9)?
5
Let n(m) = -15*m + 340. Determine n(22).
10
Let p(k) = -k**2 + 26*k - 37. What is p(21)?
68
Let c(w) = -9*w**2 + 63*w - 10. Give c(7).
-10
Let y(c) = -c**2 + 15*c - 12. Give y(14).
2
Let h(d) = -d**2 + 18*d - 7. What is h(17)?
10
Let y(a) = a**3 + 2*a**2 - 3*a + 4. Determine y(-4).
-16
Let b(v) = -55*v - 277. What is b(-5)?
-2
Let i(q) = 3*q - 10. Give i(6).
8
Let p(g) = -2*g + 9. What is p(4)?
1
Let l(s) = -s**2 + 19. What is l(0)?
19
Let m(p) = p**3 + 10*p**2 + 12*p + 14. What is m(-9)?
-13
Let t(k) = -13*k - 1. What is t(-1)?
12
Let m(l) = -146*l - 289. Calculate m(-2).
3
Let i(u) = -2*u + 14. Calculate i(4).
6
Let k(r) = -r**2 + 7*r. Give k(7).
0
Let f(k) = 2*k**3 + 11*k**2 + 14*k - 9. What is f(-6)?
-129
Let s(p) = 2*p - 3. Calculate s(-7).
-17
Let f(j) = j**2 + 2*j - 5. Give f(-4).
3
Let b(l) = -l**2 + 10*l + 10. Give b(12).
-14
Let s(j) = 3*j + 17. Give s(-18).
-37
Let z(s) = s**2 + 18*s + 37. Give z(-15).
-8
Let h(z) = -8*z + 601. Calculate h(75).
1
Let p(h) = h**2 - 3*h - 4. Calculate p(3).
-4
Let t(p) = -p**2 + 8*p + 251. Calculate t(20).
11
Let q(b) = b**3 + 3*b**2 - 21*b - 15. What is q(-6)?
3
Let p(m) = -m**2 + 2*m + 6. What is p(8)?
-42
Let h(j) = j**2 + 9*j + 8. Give h(-7).
-6
Let n(o) = -o**3 + 9*o**2 + 5*o - 4. Calculate n(10).
-54
Let s(r) = -r**2 + 3*r + 2. Calculate s(-9).
-106
Let f(l) = 5*l + 6. Calculate f(-7).
-29
Let z(i) = -2*i - 4. Give z(-14).
24
Let p(m) = m**3 + 4*m**2 + 3*m + 4. Calculate p(-4).
-8
Let f(q) = q**2 - 24*q + 21. Calculate f(23).
-2
Let c(y) = -y**3 + y**2 + 28. What is c(0)?
28
Let f(j) = 4*j - 9. What is f(4)?
7
Let w(z) = z**2 - 3*z - 17. Calculate w(-3).
1
Let u(m) = -m**3 + 16*m**2 + 22*m - 81. Calculate u(17).
4
Let n(o) = -37*o**2 + 3*o + 1. Determine n(2).
-141
Let l(k) = -k**2 + k + 50. Give l(7).
8
Let r(l) = -12*l + 34. Give r(11).
-98
Let k(q) = -q**2 + 2*q - 14. Calculate k(6).
-38
Let j(a) = 14*a - 12. Calculate j(1).
2
Let w(j) = 2*j**2 + 5*j - 12. What is w(-6)?
30
Let x(u) = -u**2 + 7*u + 6. Give x(-3).
-24
Let b(v) = 4*v + 39. What is b(-11)?
-5
Let y(k) = k**2 + 8*k - 14. Determine y(-12).
34
Let c(m) = 19*m + 68. Give c(-6).
-46
Let m(p) = -p**3 - 17*p**2 - 19*p - 56. Give m(-16).
-8
Let h(x) = -7*x + 8. What is h(6)?
-34
Let v(i) = i**2 + 16*i - 63. Determine v(-19).
-6
Let p(l) = -2*l**3 - 17*l**2 + 11*l + 22. Calculate p(-9).
4
Let x(j) = -j**2 + 25*j - 122. Calculate x(19).
-8
Let d(z) = z**2 + 2*z - 4. Calculate d(-3).
-1
Let n(u) = -50*u + 36. Determine n(1).
-14
Let a(k) = -k**2 - 7*k + 47. What is a(5)?
-13
Let k(n) = 7*n + 49. What is k(-5)?
14
Let c(p) = 42*p + 288. What is c(-7)?
-6
Let z(y) = -6*y**2 - 7*y + 10. What is z(-3)?
-23
Let h(w) = -2*w**3 + 2*w**2 + 3*w + 2. Calculate h(-1).
3
Let h(t) = -t**2 + 4*t + 2. Calculate h(5).
-3
Let s(l) = 4*l - 24. Determine s(-6).
-48
Let n(k) = -k**3 + 2*k**2 + 11*k + 5. What is n(-2)?
-1
Let f(t) = 9*t - 5. Determine f(8).
67
Let y(m) = -m**3 - 16*m**2 - 16*m - 3. What is y(-15)?
12
Let o(g) = -g**2 + 22*g + 18. Give o(19).
75
Let m(t) = -19*t - 176. What is m(-10)?
14
Let h(m) = 5*m + 33